{"id":551,"date":"2022-10-23T21:13:35","date_gmt":"2022-10-23T12:13:35","guid":{"rendered":"https:\/\/www.orion-site.com\/?page_id=551"},"modified":"2024-11-15T15:53:06","modified_gmt":"2024-11-15T06:53:06","slug":"gyoumu","status":"publish","type":"page","link":"https:\/\/www.orion-site.com\/?page_id=551","title":{"rendered":"\u53d6\u6271\u3044\u696d\u52d9"},"content":{"rendered":"\r\n<p>\u4ee5\u4e0b\u304c\u5f53\u30aa\u30d5\u30a3\u30b9\u306e\u53d6\u6271\u3044\u696d\u52d9\u3067\u3059\u3002\u4e00\u3064\u4e00\u3064\u306e\u696d\u52d9\u306f\u3059\u3079\u3066\u540c\u3058\u3082\u306e\u306f\u306a\u304f\u3001\u30af\u30e9\u30a4\u30a2\u30f3\u30c8\u69d8\u3068\u306e\u9023\u643a\u3092\u56f3\u308a\u3001\u4e00\u3064\u4e00\u3064\u3092\u30aa\u30fc\u30c0\u30fc\u30e1\u30a4\u30c9\u306b\u3088\u308b\u696d\u52d9\u306e\u63d0\u4f9b\u3092\u3055\u305b\u3066\u3044\u305f\u3060\u3044\u3066\u304a\u308a\u307e\u3059\u3002<\/p>\r\n\r\n\r\n\r\n<p>\u4e8b\u696d\u306e\u904b\u55b6\u306b\u91cd\u8981\u3068\u306a\u308b\u696d\u6cd5\u306e\u6539\u6b63\u306b\u4f34\u3046\u8af8\u5bfe\u5fdc\u3001\u65e9\u6025\u306b\u5bfe\u5fdc\u3059\u3079\u304f\u4e8b\u6848\u306e\u767a\u751f\u6642\u3001\u8a31\u53ef\u5185\u5bb9\u306e\u5909\u66f4\u306b\u95a2\u3059\u308b\u4e8b\u306a\u3069\u306f\u3082\u3061\u308d\u3093\u3001\u8cb4\u793e\u306e\u7d4c\u55b6\u306b\u304a\u3051\u308b\u8eab\u8fd1\u306a\u76f8\u8ac7\u5f79\u3068\u3057\u3066\u304a\u5f79\u7acb\u3066\u304f\u3060\u3055\u3044\u3002<\/p>\r\n\r\n\r\n\r\n<p>\u5f53\u30aa\u30d5\u30a3\u30b9\u306f\u30a4\u30f3\u30d5\u30e9\u4e8b\u696d\u306e\u30d1\u30fc\u30c8\u30ca\u30fc\u3068\u3057\u3066\u6700\u5927\u9650\u304a\u529b\u6dfb\u3048\u3044\u305f\u3057\u307e\u3059\u3002\u4e8b\u696d\u30d1\u30fc\u30c8\u30ca\u30fc\u3068\u3057\u3066\u5358\u767a\u306e\u3054\u4f9d\u983c\u3092\u306f\u3058\u3081\u3001\u9867\u554f\u5951\u7d04\u3082\u7528\u610f\u3055\u305b\u3066\u3044\u305f\u3060\u3044\u3066\u304a\u308a\u307e\u3059\u3002\u304a\u6c17\u8efd\u306b\u304a\u5c0b\u306d\u304f\u3060\u3055\u3044\u3002<\/p>\r\n\r\n\r\n\r\n<h2 class=\"wp-block-heading\">\u30a4\u30f3\u30d5\u30e9\u4e8b\u696d\u95a2\u4fc2<\/h2>\r\n\r\n\r\n\r\n<p class=\"has-text-align-left is-style-st-paragraph-check has-white-color has-pale-cyan-blue-background-color has-text-color has-background has-link-color has-huge-font-size wp-elements-3bfb54ee5d6db77c4e0aac1d536ade90\"><span style=\"font-size: 130%;\"><strong>\u5efa\u8a2d\u696d\u8a31\u53ef\/\u5c4a\u51fa<\/strong><\/span><\/p>\r\n\r\n\r\n\r\n<div class=\"wp-block-media-text is-stacked-on-mobile\">\r\n<figure class=\"wp-block-media-text__media\"><img decoding=\"async\" width=\"1024\" height=\"683\" class=\"wp-image-22 size-full\" src=\"https:\/\/www.orion-site.com\/wp-content\/uploads\/2022\/08\/IMG_4217-1024x683.jpg\" alt=\"\u5efa\u8a2d\u696d\" srcset=\"https:\/\/www.orion-site.com\/wp-content\/uploads\/2022\/08\/IMG_4217-1024x683.jpg 1024w, https:\/\/www.orion-site.com\/wp-content\/uploads\/2022\/08\/IMG_4217-300x200.jpg 300w, https:\/\/www.orion-site.com\/wp-content\/uploads\/2022\/08\/IMG_4217-768x512.jpg 768w, https:\/\/www.orion-site.com\/wp-content\/uploads\/2022\/08\/IMG_4217-1536x1024.jpg 1536w, https:\/\/www.orion-site.com\/wp-content\/uploads\/2022\/08\/IMG_4217.jpg 1920w\" sizes=\"(max-width: 1024px) 100vw, 1024px\" \/><\/figure>\r\n<div class=\"wp-block-media-text__content\">\r\n<p>\u5efa\u8a2d\u696d\u3092\u55b6\u3080\u4e8b\u696d\u8005\u306b\u3068\u3063\u3066\u306e\u5927\u304d\u306a\u6700\u521d\u306e\u30b9\u30c6\u30c3\u30d7\u3068\u3057\u3066\u306e\u300c\u5efa\u8a2d\u696d\u8a31\u53ef\u300d\u306e\u304a\u624b\u4f1d\u3044\u3092\u3055\u305b\u3066\u3044\u305f\u3060\u304d\u307e\u3059\u3002<\/p>\r\n\r\n\r\n\r\n<p>\u8a31\u53ef\u306e\u53d6\u5f97\u3092\u306f\u3058\u3081\u3001\u305d\u306e\u5f8c\u306e\u8a31\u53ef\u5185\u5bb9\u306e\u5909\u66f4\u3001\u8a31\u53ef\u306e\u66f4\u65b0\u542b\u3081\u8eab\u8fd1\u306a\u5efa\u8a2d\u696d\u306e\u7d4c\u55b6\u30d1\u30fc\u30c8\u30ca\u30fc\u3068\u3057\u3066\u30b5\u30dd\u30fc\u30c8\u3055\u305b\u3066\u3044\u305f\u3060\u304d\u307e\u3059\u3002<\/p>\r\n<\/div>\r\n<\/div>\r\n\r\n\r\n\r\n<p class=\"has-text-align-center has-huge-font-size\">\u25bd<\/p>\r\n\r\n\r\n\r\n<p class=\"has-text-align-left is-style-st-paragraph-check has-white-color has-pale-cyan-blue-background-color has-text-color has-background has-link-color has-huge-font-size wp-elements-5f16b2253bf211ca24d29d5ac09b7670\"><span style=\"font-size: 130%;\"><strong>\u7d4c\u55b6\u4e8b\u9805\u5be9\u67fb(\u7d4c\u5be9)<\/strong><\/span><\/p>\r\n\r\n\r\n\r\n<div class=\"wp-block-media-text has-media-on-the-right is-stacked-on-mobile\">\r\n<div class=\"wp-block-media-text__content\">\r\n<p>\u300c\u516c\u5171\u5de5\u4e8b\u3092\u53d7\u6ce8\u3057\u3066\u3044\u304d\u305f\u3044\u300d\u300c\u5143\u8acb\u3051\u5de5\u4e8b\u3092\u5897\u3084\u3057\u3066\u3044\u304d\u305f\u3044\u300d\u3053\u306e\u3088\u3046\u306a\u5834\u5408\u3001\u7d4c\u55b6\u4e8b\u9805\u5be9\u67fb\uff08\u7d4c\u5be9\uff09\u3092\u53d7\u3051\u308b\u3053\u3068\u304c\u5fc5\u9808\u3068\u306a\u308a\u307e\u3059\u3002\u5e73\u7b49\u3001\u516c\u5e73\u306a\u5be9\u67fb\u306b\u3088\u308a\u4ed6\u793e\u3068\u306e\u5ba2\u89b3\u7684\u306a\u6bd4\u8f03\u3082\u3067\u304d\u3001\u81ea\u793e\u306e\u6210\u9577\u306e\u304d\u3063\u304b\u3051\u306b\u3082\u3064\u306a\u304c\u308a\u307e\u3059\u3002<\/p>\r\n\r\n\r\n\r\n<p>\u72d9\u3044\u305f\u3044\u70b9\u6570\u306b\u5411\u3051\u3066\u4eca\u5f8c\u306e\u7d4c\u55b6\u65b9\u91dd\u3092\u4ea4\u3048\u3066\u5fb9\u5e95\u30b5\u30dd\u30fc\u30c8\u3044\u305f\u3057\u307e\u3059\u3002<\/p>\r\n<\/div>\r\n<figure class=\"wp-block-media-text__media\"><img decoding=\"async\" width=\"1024\" height=\"724\" class=\"wp-image-595 size-full\" src=\"https:\/\/www.orion-site.com\/wp-content\/uploads\/2022\/10\/IMG_4563-1024x724.jpg\" alt=\"\" srcset=\"https:\/\/www.orion-site.com\/wp-content\/uploads\/2022\/10\/IMG_4563-1024x724.jpg 1024w, https:\/\/www.orion-site.com\/wp-content\/uploads\/2022\/10\/IMG_4563-300x212.jpg 300w, https:\/\/www.orion-site.com\/wp-content\/uploads\/2022\/10\/IMG_4563-768x543.jpg 768w, https:\/\/www.orion-site.com\/wp-content\/uploads\/2022\/10\/IMG_4563-1536x1086.jpg 1536w, https:\/\/www.orion-site.com\/wp-content\/uploads\/2022\/10\/IMG_4563.jpg 1920w\" sizes=\"(max-width: 1024px) 100vw, 1024px\" \/><\/figure>\r\n<\/div>\r\n\r\n\r\n\r\n<p class=\"has-text-align-center has-huge-font-size\">\u25bd<\/p>\r\n\r\n\r\n\r\n<p class=\"has-text-align-left is-style-st-paragraph-check has-white-color has-pale-cyan-blue-background-color has-text-color has-background has-link-color has-huge-font-size wp-elements-2b382baa07ca08afee93cefcd6dfa5d8\"><span style=\"font-size: 120%;\"><strong>\u5165\u672d\u53c2\u52a0\u8cc7\u683c\u7533\u8acb<\/strong><\/span><\/p>\r\n\r\n\r\n\r\n<div class=\"wp-block-media-text is-stacked-on-mobile\">\r\n<figure class=\"wp-block-media-text__media\"><img decoding=\"async\" width=\"640\" height=\"470\" class=\"wp-image-1630 size-full\" src=\"https:\/\/www.orion-site.com\/wp-content\/uploads\/2023\/12\/construction-site-1892917_640.jpg\" alt=\"\" srcset=\"https:\/\/www.orion-site.com\/wp-content\/uploads\/2023\/12\/construction-site-1892917_640.jpg 640w, https:\/\/www.orion-site.com\/wp-content\/uploads\/2023\/12\/construction-site-1892917_640-300x220.jpg 300w\" sizes=\"(max-width: 640px) 100vw, 640px\" \/><\/figure>\r\n<div class=\"wp-block-media-text__content\">\r\n<p>\u7d4c\u55b6\u4e8b\u9805\u5be9\u67fb\uff08\u7d4c\u5be9\uff09\u3092\u53d7\u3051\u308b\u4e3b\u306e\u76ee\u7684\u3067\u3082\u3042\u308b\u516c\u5171\u5de5\u4e8b\u306e\u53d7\u6ce8\u3067\u3059\u3002\u305d\u306e\u305f\u3081\u306b\u306f\u3001\u5de5\u4e8b\u306e\u53d7\u6ce8\u3092\u3057\u3066\u3044\u304d\u305f\u3044\u56e3\u4f53\u306b\u7533\u8acb\u3092\u3057\u3066\u3044\u304d\u307e\u3059\u3002<\/p>\r\n\r\n\r\n\r\n<p>\u5efa\u8a2d\u5de5\u4e8b\u4ee5\u5916\u306e\u7269\u54c1\/\u5f79\u52d9\u306b\u304a\u3051\u308b\u7533\u8acb\u4ee3\u884c\u3082\u304a\u307e\u304b\u305b\u304f\u3060\u3055\u3044\u3002<\/p>\r\n<\/div>\r\n<\/div>\r\n\r\n\r\n\r\n<p class=\"has-text-align-center has-huge-font-size\">\u25bd<\/p>\r\n\r\n\r\n\r\n<p class=\"has-text-align-left is-style-st-paragraph-check has-white-color has-pale-cyan-blue-background-color has-text-color has-background has-link-color has-huge-font-size wp-elements-38df9b8d9a8cbd4b12a1fcc78b9ea421\"><span style=\"font-size: 120%;\"><strong>\u89e3\u4f53\u5de5\u4e8b\u696d\u767b\u9332<\/strong><\/span><\/p>\r\n\r\n\r\n\r\n<div class=\"wp-block-media-text has-media-on-the-right is-stacked-on-mobile\">\r\n<div class=\"wp-block-media-text__content\">\r\n<p>\u89e3\u4f53\u5de5\u4e8b\u3092\u53d7\u6ce8\u3059\u308b\u306b\u306f\u3001\u300c\u89e3\u4f53\u5de5\u4e8b\u696d\u767b\u9332\u300d\u53c8\u306f\u300c\u89e3\u4f53\u5de5\u4e8b\u696d\u8a31\u53ef\u300d\u300c\u4e00\u5f0f\u5de5\u4e8b\u8a31\u53ef\u300d\u306e\u3046\u3061\u3044\u305a\u308c\u304c\u7121\u3051\u308c\u3070\u5de5\u4e8b\u3092\u884c\u3046\u3053\u3068\u304c\u3067\u304d\u307e\u305b\u3093\u3002<\/p>\r\n\r\n\r\n\r\n<p>\u89e3\u4f53\u5de5\u4e8b\u696d\u767b\u9332\u7533\u8acb\u4ee3\u884c\u306fORION\u3078\u304a\u307e\u304b\u305b\u304f\u3060\u3055\u3044\u3002<\/p>\r\n<\/div>\r\n<figure class=\"wp-block-media-text__media\"><img decoding=\"async\" width=\"640\" height=\"436\" class=\"wp-image-1411 size-full\" src=\"https:\/\/www.orion-site.com\/wp-content\/uploads\/2023\/06\/wooden-board-1337250_640.jpg\" alt=\"\" srcset=\"https:\/\/www.orion-site.com\/wp-content\/uploads\/2023\/06\/wooden-board-1337250_640.jpg 640w, https:\/\/www.orion-site.com\/wp-content\/uploads\/2023\/06\/wooden-board-1337250_640-300x204.jpg 300w\" sizes=\"(max-width: 640px) 100vw, 640px\" \/><\/figure>\r\n<\/div>\r\n\r\n\r\n\r\n<p class=\"has-text-align-center has-huge-font-size\">\u25bd<\/p>\r\n\r\n\r\n\r\n<p class=\"has-text-align-left is-style-st-paragraph-check has-white-color has-pale-cyan-blue-background-color has-text-color has-background has-link-color has-huge-font-size wp-elements-72eeb009cba0c61d87a5587bb0b31391\"><span style=\"font-size: 120%;\"><strong>\u96fb\u6c17\u5de5\u4e8b\u696d\u767b\u9332<\/strong><\/span><\/p>\r\n\r\n\r\n\r\n<div class=\"wp-block-media-text is-stacked-on-mobile\">\r\n<figure class=\"wp-block-media-text__media\"><img decoding=\"async\" width=\"640\" height=\"426\" class=\"wp-image-1588 size-full\" src=\"https:\/\/www.orion-site.com\/wp-content\/uploads\/2023\/11\/electrician-1080554_640.jpg\" alt=\"\" srcset=\"https:\/\/www.orion-site.com\/wp-content\/uploads\/2023\/11\/electrician-1080554_640.jpg 640w, https:\/\/www.orion-site.com\/wp-content\/uploads\/2023\/11\/electrician-1080554_640-300x200.jpg 300w\" sizes=\"(max-width: 640px) 100vw, 640px\" \/><\/figure>\r\n<div class=\"wp-block-media-text__content\">\r\n<p>\u96fb\u6c17\u5de5\u4e8b\u696d\u3092\u55b6\u3080\u305f\u3081\u306b\u5fc5\u9808\u3067\u3042\u308b\u300c\u96fb\u6c17\u5de5\u4e8b\u696d\u767b\u9332\u300d\u306e\u4ee3\u884c\u7533\u8acb\u3082ORION\u3078\u304a\u307e\u304b\u305b\u304f\u3060\u3055\u3044\u3002<\/p>\r\n\r\n\r\n\r\n<p>\u65bd\u5de5\u91d1\u984d\u304c\u5927\u304d\u304f\u306a\u308b\u5834\u5408\uff08500\u4e07\u5186\u4ee5\u4e0a\uff09\u3001\u96fb\u6c17\u5de5\u4e8b\u696d\u306e\u8a31\u53ef\u3082\u5fc5\u8981\u3068\u306a\u308a\u307e\u3059\u304c\u8a31\u53ef\u53d6\u5f97\u3082\u5fc5\u8981\u3067\u3042\u308c\u3070\u3082\u3061\u308d\u3093\u30b5\u30dd\u30fc\u30c8\u3055\u305b\u3066\u3044\u305f\u3060\u304d\u307e\u3059\u3002<\/p>\r\n<\/div>\r\n<\/div>\r\n\r\n\r\n\r\n<p class=\"has-text-align-center has-huge-font-size\">\u25bd<\/p>\r\n\r\n\r\n\r\n<p class=\"has-text-align-left is-style-st-paragraph-check has-white-color has-pale-cyan-blue-background-color has-text-color has-background has-link-color has-huge-font-size wp-elements-90da453aedfe313ec69400ada5f1434a\"><span style=\"font-size: 120%;\"><strong>\u7523\u696d\u5ec3\u68c4\u7269\u51e6\u7406\u696d\u8a31\u53ef<\/strong><\/span><\/p>\r\n\r\n\r\n\r\n<div class=\"wp-block-media-text has-media-on-the-right is-stacked-on-mobile\">\r\n<div class=\"wp-block-media-text__content\">\r\n<p>\u7523\u696d\u5ec3\u68c4\u7269\u51e6\u7406\u696d\u306f\u3001\u5927\u304d\u304f\u5206\u3051\u3066\u53ce\u96c6\u904b\u642c\u696d\u3068\u51e6\u5206\u696d\u306b\u5206\u304b\u308c\u307e\u3059\u3002\u6211\u304c\u56fd\u306e\u74b0\u5883\u885b\u751f\u554f\u984c\u306b\u3082\u5f71\u97ff\u3059\u308b\u3053\u3068\u304b\u3089\u5be9\u67fb\u306f\u53b3\u3057\u304f\u306a\u3055\u308c\u307e\u3059\u3002\u63d0\u51fa\u66f8\u985e\u3082\u591a\u304f\u7169\u96d1\u306a\u3053\u3068\u304c\u591a\u3044\u3067\u3059\u3002\u6cd5\u6539\u6b63\u3082\u5ea6\u3005\u306a\u3055\u308c\u307e\u3059\u3002<\/p>\r\n\r\n\r\n\r\n<p>\u305c\u3072\u8cb4\u793e\u306e\u7d4c\u55b6\u306e\u30d1\u30fc\u30c8\u30ca\u30fc\u3068\u3057\u3066\u304a\u5f79\u7acb\u3066\u304f\u3060\u3055\u3044\u3002<\/p>\r\n<\/div>\r\n<figure class=\"wp-block-media-text__media\"><img decoding=\"async\" width=\"640\" height=\"427\" class=\"wp-image-1449 size-full\" src=\"https:\/\/www.orion-site.com\/wp-content\/uploads\/2023\/03\/disposal-1846033_640.jpg\" alt=\"\" srcset=\"https:\/\/www.orion-site.com\/wp-content\/uploads\/2023\/03\/disposal-1846033_640.jpg 640w, https:\/\/www.orion-site.com\/wp-content\/uploads\/2023\/03\/disposal-1846033_640-300x200.jpg 300w\" sizes=\"(max-width: 640px) 100vw, 640px\" \/><\/figure>\r\n<\/div>\r\n\r\n\r\n\r\n<p class=\"has-text-align-center has-huge-font-size\">\u25bd<\/p>\r\n\r\n\r\n\r\n<p class=\"has-text-align-center has-huge-font-size\">\u25bd<\/p>\r\n\r\n\r\n\r\n<h2 class=\"wp-block-heading has-large-font-size\"><strong>\u305d\u306e\u4ed6\u306e\u696d\u52d9<\/strong><\/h2>\r\n\r\n\r\n\r\n<p class=\"has-text-align-left is-style-st-paragraph-check has-white-color has-pale-cyan-blue-background-color has-text-color has-background has-link-color has-huge-font-size wp-elements-05c4739c9c301a9f801ec2b7262bdcff\"><span style=\"font-size: 120%;\"><strong>\u5b85\u5efa\u696d\u514d\u8a31<\/strong><\/span><\/p>\r\n\r\n\r\n\r\n<div class=\"wp-block-media-text is-stacked-on-mobile\">\r\n<figure class=\"wp-block-media-text__media\"><img decoding=\"async\" width=\"640\" height=\"480\" class=\"wp-image-1594 size-full\" src=\"https:\/\/www.orion-site.com\/wp-content\/uploads\/2023\/11\/san-francisco-210230_640.jpg\" alt=\"\" srcset=\"https:\/\/www.orion-site.com\/wp-content\/uploads\/2023\/11\/san-francisco-210230_640.jpg 640w, https:\/\/www.orion-site.com\/wp-content\/uploads\/2023\/11\/san-francisco-210230_640-300x225.jpg 300w\" sizes=\"(max-width: 640px) 100vw, 640px\" \/><\/figure>\r\n<div class=\"wp-block-media-text__content\">\r\n<p>\u5b85\u5efa\u696d\u3092\u55b6\u3080\u306b\u306f\u55b6\u696d\u6240\u306e\u6240\u5728\u5730\u3067\u306e\u90fd\u9053\u5e9c\u770c\u77e5\u4e8b\u306e\u8a31\u53ef\u304c\u5fc5\u9808\u3067\u3059\u3002\uff08\u8907\u6570\u306e\u90fd\u9053\u5e9c\u770c\u3067\u55b6\u696d\u3059\u308b\u5834\u5408\u306f\u56fd\u306e\u8a31\u53ef\uff09<\/p>\r\n\r\n\r\n\r\n<p>\u8907\u6570\u306e\u5e97\u8217\u3092\u4fdd\u6709\u3059\u308b\u5b85\u5efa\u696d\u8005\u306e\u5834\u5408\u306f\u65b0\u898f\/\u66f4\u65b0\u8a31\u53ef\u7533\u8acb\u306f\u304b\u306a\u308a\u306e\u6642\u9593\u3092\u8981\u3057\u307e\u3059\u3002\u307e\u305f\u5f93\u696d\u8005\u306e\u7570\u52d5\u3084\u5e97\u8217\u306e\u5897\u8a2d\u7b49\u306e\u5909\u66f4\u306e\u7d4c\u55b6\u30d1\u30fc\u30c8\u30ca\u30fc\u3068\u3057\u3066\u304a\u5f79\u7acb\u3066\u304f\u3060\u3055\u3044\u3002\u3082\u3061\u308d\u3093\u5354\u4f1a\u3078\u306e\u304a\u624b\u7d9a\u304d\u306b\u3082\u5bfe\u5fdc\u3057\u3066\u3044\u307e\u3059\u3002<\/p>\r\n<\/div>\r\n<\/div>\r\n\r\n\r\n\r\n<p class=\"has-text-align-center has-huge-font-size\">\u25bd<\/p>\r\n\r\n\r\n\r\n<p class=\"has-text-align-left is-style-st-paragraph-check has-white-color has-pale-cyan-blue-background-color has-text-color has-background has-link-color has-huge-font-size wp-elements-95805c5120279ee7186eb3f634bf6ff2\"><span style=\"font-size: 120%;\"><strong>\u53e4\u7269\u5546\u8a31\u53ef<\/strong><\/span><\/p>\r\n\r\n\r\n\r\n<div class=\"wp-block-media-text has-media-on-the-right is-stacked-on-mobile\">\r\n<div class=\"wp-block-media-text__content\">\r\n<p>\u5546\u53d6\u5f15\u3092\u76ee\u7684\u3068\u3059\u308b\u4e2d\u53e4\u5546\u54c1\u306e\u58f2\u8cb7\u306b\u306f\u8a31\u53ef\u304c\u5fc5\u8981\u3067\u3059\u3002\u6628\u4eca\u3001\u30d5\u30ea\u30de\u30b5\u30a4\u30c8\u306e\u666e\u53ca\u304b\u3089\u526f\u696d\u30d3\u30b8\u30cd\u30b9\u3068\u3057\u3066\u3082\u4eba\u6c17\u306e\u3042\u308b\u300c\u53e4\u7269\u5546\u8a31\u53ef\u300d\u3001\u500b\u4eba\u4e8b\u696d\u4e3b\u304b\u3089\u6cd5\u4eba\u3067\u306e\u7533\u8acb\u3082\u304a\u307e\u304b\u305b\u304f\u3060\u3055\u3044\u3002<\/p>\r\n<\/div>\r\n<figure class=\"wp-block-media-text__media\"><img decoding=\"async\" width=\"1024\" height=\"767\" class=\"wp-image-23 size-full\" src=\"https:\/\/www.orion-site.com\/wp-content\/uploads\/2022\/08\/IMG_4218-e1705929573644-1024x767.jpg\" alt=\"\" srcset=\"https:\/\/www.orion-site.com\/wp-content\/uploads\/2022\/08\/IMG_4218-e1705929573644-1024x767.jpg 1024w, https:\/\/www.orion-site.com\/wp-content\/uploads\/2022\/08\/IMG_4218-e1705929573644-300x225.jpg 300w, https:\/\/www.orion-site.com\/wp-content\/uploads\/2022\/08\/IMG_4218-e1705929573644-768x575.jpg 768w, https:\/\/www.orion-site.com\/wp-content\/uploads\/2022\/08\/IMG_4218-e1705929573644-202x150.jpg 202w, https:\/\/www.orion-site.com\/wp-content\/uploads\/2022\/08\/IMG_4218-e1705929573644.jpg 1372w\" sizes=\"(max-width: 1024px) 100vw, 1024px\" \/><\/figure>\r\n<\/div>\r\n\r\n\r\n\r\n\r\n\r\n\r\n\r\n<p class=\"has-text-align-center has-huge-font-size\">\u25bd<\/p>\r\n\r\n\r\n\r\n<p class=\"has-text-align-center has-huge-font-size\">\u25bd<\/p>\r\n\r\n\r\n\r\n<div class=\"wp-block-contact-form-7-contact-form-selector\">\n<div class=\"wpcf7 no-js\" id=\"wpcf7-f1099-o1\" lang=\"ja\" dir=\"ltr\" data-wpcf7-id=\"1099\">\n<div class=\"screen-reader-response\"><p role=\"status\" aria-live=\"polite\" aria-atomic=\"true\"><\/p> <ul><\/ul><\/div>\n<script type=\"text\/javascript\" charset=\"UTF-8\" src=\"https:\/\/zipaddr.github.io\/zipaddrx.js?v=1.42\"><\/script><script defer src=\"data:text\/javascript;base64,ZnVuY3Rpb24gemlwYWRkcl9vd25iKCl7WlAuZGxpPSctJztaUC53cD0nMSc7WlAudXZlcj0nNTYwMzEuMjExODQuMzI2NzInO1pQLnN5c2lkPSdDb250YWN0Rm9ybTcnO30=\"><\/script><script type=\"text\/javascript\" charset=\"UTF-8\" src=\"https:\/\/zipaddr.github.io\/contactform7.js\"><\/script><form action=\"\/index.php?rest_route=%2Fwp%2Fv2%2Fpages%2F551#wpcf7-f1099-o1\" method=\"post\" class=\"wpcf7-form init\" aria-label=\"\u30b3\u30f3\u30bf\u30af\u30c8\u30d5\u30a9\u30fc\u30e0\" novalidate=\"novalidate\" data-status=\"init\">\n<fieldset class=\"hidden-fields-container\"><input type=\"hidden\" name=\"_wpcf7\" value=\"1099\" \/><input type=\"hidden\" name=\"_wpcf7_version\" value=\"6.1.5\" \/><input type=\"hidden\" name=\"_wpcf7_locale\" value=\"ja\" \/><input type=\"hidden\" name=\"_wpcf7_unit_tag\" value=\"wpcf7-f1099-o1\" \/><input type=\"hidden\" name=\"_wpcf7_container_post\" value=\"0\" \/><input type=\"hidden\" name=\"_wpcf7_posted_data_hash\" value=\"\" \/>\n<\/fieldset>\n<table class=\"CF7_table\">\n\t<tr>\n\t\t<th>\n\t\t\t<p><span class=\"CF7_req\">\u5fc5\u9808<\/span> \u304a\u540d\u524d\n\t\t\t<\/p>\n\t\t<\/th>\n\t\t<td>\n\t\t\t<p><span class=\"wpcf7-form-control-wrap\" data-name=\"your-name\"><input size=\"40\" maxlength=\"400\" class=\"wpcf7-form-control wpcf7-text wpcf7-validates-as-required\" aria-required=\"true\" aria-invalid=\"false\" placeholder=\"\u4f8b\uff1a\u3042\u306a\u305f\u306e\u304a\u540d\u524d\uff08\u55b6\u696d\u304a\u65ad\u308a\uff09\" value=\"\" type=\"text\" name=\"your-name\" \/><\/span>\n\t\t\t<\/p>\n\t\t<\/td>\n\t<\/tr>\n\t<tr>\n\t\t<th>\n\t\t\t<p><span class=\"CF7_req\">\u5fc5\u9808<\/span> \u30e1\u30fc\u30eb\u30a2\u30c9\u30ec\u30b9\n\t\t\t<\/p>\n\t\t<\/th>\n\t\t<td>\n\t\t\t<p><span class=\"wpcf7-form-control-wrap\" data-name=\"your-email\"><input size=\"40\" maxlength=\"400\" class=\"wpcf7-form-control wpcf7-email wpcf7-validates-as-required wpcf7-text wpcf7-validates-as-email\" aria-required=\"true\" aria-invalid=\"false\" placeholder=\"\u4f8b\uff1a\u00d7\u00d7\u00d7@\u00d7\u00d7\u00d7.com\" value=\"\" type=\"email\" name=\"your-email\" \/><\/span>\n\t\t\t<\/p>\n\t\t<\/td>\n\t<\/tr>\n\t<tr>\n\t\t<th>\n\t\t\t<p><span class=\"CF7_unreq\">\u4efb\u610f<\/span>\u4f1a\u793e\u540d\n\t\t\t<\/p>\n\t\t<\/th>\n\t\t<td>\n\t\t\t<p><span class=\"wpcf7-form-control-wrap\" data-name=\"your-company\"><input size=\"40\" maxlength=\"400\" class=\"wpcf7-form-control wpcf7-text\" aria-invalid=\"false\" placeholder=\"\u4f8b\uff1a\u25ef\u25ef\u682a\u5f0f\u4f1a\u793e\" value=\"\" type=\"text\" name=\"your-company\" \/><\/span>\n\t\t\t<\/p>\n\t\t<\/td>\n\t<\/tr>\n\t<tr>\n\t\t<th>\n\t\t\t<p><span class=\"CF7_req\">\u5fc5\u9808<\/span>\u90f5\u4fbf\u756a\u53f7\n\t\t\t<\/p>\n\t\t<\/th>\n\t\t<td>\n\t\t\t<p><span class=\"wpcf7-form-control-wrap\" data-name=\"zip\"><input size=\"40\" maxlength=\"400\" class=\"wpcf7-form-control wpcf7-text wpcf7-validates-as-required\" id=\"zip\" aria-required=\"true\" aria-invalid=\"false\" placeholder=\"\u4f8b\uff1a123-4567\" value=\"\" type=\"text\" name=\"zip\" \/><\/span>\n\t\t\t<\/p>\n\t\t<\/td>\n\t<\/tr>\n\t<tr>\n\t\t<th>\n\t\t\t<p><span class=\"CF7_req\">\u5fc5\u9808<\/span>\u90fd\u9053\u5e9c\u770c\n\t\t\t<\/p>\n\t\t<\/th>\n\t\t<td>\n\t\t\t<p><span class=\"wpcf7-form-control-wrap\" data-name=\"pref\"><input size=\"40\" maxlength=\"400\" class=\"wpcf7-form-control wpcf7-text wpcf7-validates-as-required\" id=\"pref\" aria-required=\"true\" aria-invalid=\"false\" placeholder=\"\u4f8b\uff1a\u611b\u77e5\u770c\" value=\"\" type=\"text\" name=\"pref\" \/><\/span>\n\t\t\t<\/p>\n\t\t<\/td>\n\t<\/tr>\n\t<tr>\n\t\t<th>\n\t\t\t<p><span class=\"CF7_req\">\u5fc5\u9808<\/span>\u5e02\u533a\u753a\u6751\u540d\n\t\t\t<\/p>\n\t\t<\/th>\n\t\t<td class=\"address-100\">\n\t\t\t<p><span class=\"wpcf7-form-control-wrap\" data-name=\"addr\"><input size=\"40\" maxlength=\"400\" class=\"wpcf7-form-control wpcf7-text wpcf7-validates-as-required\" id=\"addr\" aria-required=\"true\" aria-invalid=\"false\" placeholder=\"\u4f8b\uff1a\u540d\u53e4\u5c4b\u5e02\u4e2d\u533a\" value=\"\" type=\"text\" name=\"addr\" \/><\/span>\n\t\t\t<\/p>\n\t\t<\/td>\n\t<\/tr>\n\t<tr>\n\t\t<th>\n\t\t\t<p><span class=\"CF7_req\">\u5fc5\u9808<\/span>\u304a\u96fb\u8a71\u756a\u53f7\n\t\t\t<\/p>\n\t\t<\/th>\n\t\t<td>\n\t\t\t<p><span class=\"wpcf7-form-control-wrap\" data-name=\"your-tel\"><input size=\"40\" maxlength=\"400\" class=\"wpcf7-form-control wpcf7-text wpcf7-validates-as-required\" aria-required=\"true\" aria-invalid=\"false\" placeholder=\"\u4f8b\uff1a052-234-5678\" value=\"\" type=\"text\" name=\"your-tel\" \/><\/span>\n\t\t\t<\/p>\n\t\t<\/td>\n\t<\/tr>\n\t<tr>\n\t\t<th>\n\t\t\t<p><span class=\"CF7_req\">\u5fc5\u9808<\/span>\u30e1\u30c3\u30bb\u30fc\u30b8\u672c\u6587\n\t\t\t<\/p>\n\t\t<\/th>\n\t\t<td class=\"message-100\">\n\t\t\t<p><span class=\"wpcf7-form-control-wrap\" data-name=\"your-message\"><textarea cols=\"40\" rows=\"10\" maxlength=\"2000\" class=\"wpcf7-form-control wpcf7-textarea wpcf7-validates-as-required\" aria-required=\"true\" aria-invalid=\"false\" placeholder=\"\u304a\u554f\u3044\u5408\u308f\u305b\u5185\u5bb9\u3092\u3054\u8a18\u5165\u304f\u3060\u3055\u3044\" name=\"your-message\"><\/textarea><\/span>\n\t\t\t<\/p>\n\t\t<\/td>\n\t<\/tr>\n<\/table>\n<p class=\"CF7_btn\"><input class=\"wpcf7-form-control wpcf7-submit has-spinner\" type=\"submit\" value=\"\u9001\u4fe1\u3059\u308b\" \/>\n<\/p><p style=\"display: none !important;\" class=\"akismet-fields-container\" data-prefix=\"_wpcf7_ak_\"><label>&#916;<textarea name=\"_wpcf7_ak_hp_textarea\" cols=\"45\" rows=\"8\" maxlength=\"100\"><\/textarea><\/label><input type=\"hidden\" id=\"ak_js_1\" name=\"_wpcf7_ak_js\" value=\"8\"\/><script>document.getElementById( \"ak_js_1\" ).setAttribute( \"value\", ( new Date() ).getTime() );<\/script><\/p><div class=\"wpcf7-response-output\" aria-hidden=\"true\"><\/div>\n<\/form>\n<\/div>\n<\/div>\r\n","protected":false},"excerpt":{"rendered":"<p>\u4ee5\u4e0b\u304c\u5f53\u30aa\u30d5\u30a3\u30b9\u306e\u53d6\u6271\u3044\u696d\u52d9\u3067\u3059\u3002\u4e00\u3064\u4e00\u3064\u306e\u696d\u52d9\u306f\u3059\u3079\u3066\u540c\u3058\u3082\u306e\u306f\u306a\u304f\u3001\u30af\u30e9\u30a4\u30a2\u30f3\u30c8\u69d8\u3068\u306e\u9023\u643a\u3092\u56f3\u308a\u3001\u4e00\u3064\u4e00\u3064\u3092\u30aa\u30fc\u30c0\u30fc\u30e1\u30a4\u30c9\u306b\u3088\u308b\u696d\u52d9\u306e\u63d0\u4f9b\u3092\u3055\u305b\u3066\u3044\u305f\u3060\u3044\u3066\u304a\u308a\u307e\u3059\u3002 \u4e8b\u696d\u306e\u904b\u55b6\u306b\u91cd\u8981\u3068\u306a\u308b\u696d\u6cd5\u306e &#8230; <\/p>\n","protected":false},"author":1,"featured_media":0,"parent":0,"menu_order":0,"comment_status":"closed","ping_status":"closed","template":"","meta":{"om_disable_all_campaigns":false,"_monsterinsights_skip_tracking":false,"_monsterinsights_sitenote_active":false,"_monsterinsights_sitenote_note":"","_monsterinsights_sitenote_category":0,"footnotes":""},"class_list":["post-551","page","type-page","status-publish","hentry"],"aioseo_notices":[],"_links":{"self":[{"href":"https:\/\/www.orion-site.com\/index.php?rest_route=\/wp\/v2\/pages\/551","targetHints":{"allow":["GET"]}}],"collection":[{"href":"https:\/\/www.orion-site.com\/index.php?rest_route=\/wp\/v2\/pages"}],"about":[{"href":"https:\/\/www.orion-site.com\/index.php?rest_route=\/wp\/v2\/types\/page"}],"author":[{"embeddable":true,"href":"https:\/\/www.orion-site.com\/index.php?rest_route=\/wp\/v2\/users\/1"}],"replies":[{"embeddable":true,"href":"https:\/\/www.orion-site.com\/index.php?rest_route=%2Fwp%2Fv2%2Fcomments&post=551"}],"version-history":[{"count":91,"href":"https:\/\/www.orion-site.com\/index.php?rest_route=\/wp\/v2\/pages\/551\/revisions"}],"predecessor-version":[{"id":2138,"href":"https:\/\/www.orion-site.com\/index.php?rest_route=\/wp\/v2\/pages\/551\/revisions\/2138"}],"wp:attachment":[{"href":"https:\/\/www.orion-site.com\/index.php?rest_route=%2Fwp%2Fv2%2Fmedia&parent=551"}],"curies":[{"name":"wp","href":"https:\/\/api.w.org\/{rel}","templated":true}]}}