{"id":1097,"date":"2023-06-04T13:46:33","date_gmt":"2023-06-04T04:46:33","guid":{"rendered":"https:\/\/www.orion-site.com\/?page_id=1097"},"modified":"2026-03-03T19:43:22","modified_gmt":"2026-03-03T10:43:22","slug":"%e3%81%8a%e5%95%8f%e3%81%84%e5%90%88%e3%82%8f%e3%81%9b%ef%bc%92","status":"publish","type":"page","link":"https:\/\/www.orion-site.com\/?page_id=1097","title":{"rendered":"\u304a\u554f\u3044\u5408\u308f\u305b"},"content":{"rendered":"<p>&nbsp;<\/p>\r\n<p style=\"text-align: center;\"><a href=\"https:\/\/lin.ee\/V3wHhOO\"><img decoding=\"async\" class=\"alignnone wp-image-1680\" src=\"https:\/\/www.orion-site.com\/wp-content\/uploads\/2024\/01\/M_gainfriends_2dbarcodes_BW.png\" alt=\"\" width=\"360\" height=\"360\" srcset=\"https:\/\/www.orion-site.com\/wp-content\/uploads\/2024\/01\/M_gainfriends_2dbarcodes_BW.png 360w, https:\/\/www.orion-site.com\/wp-content\/uploads\/2024\/01\/M_gainfriends_2dbarcodes_BW-300x300.png 300w, https:\/\/www.orion-site.com\/wp-content\/uploads\/2024\/01\/M_gainfriends_2dbarcodes_BW-150x150.png 150w, https:\/\/www.orion-site.com\/wp-content\/uploads\/2024\/01\/M_gainfriends_2dbarcodes_BW-100x100.png 100w\" sizes=\"(max-width: 360px) 100vw, 360px\" \/><\/a><\/p>\r\n<p style=\"text-align: center;\"><span class=\"huto\">LINE\u3082\u3057\u304f\u306f\u3001\u4e0b\u8a18\u306e\u30d5\u30a9\u30fc\u30e0\u304b\u3089<span class=\"huto\"><span class=\"huto\">\u304a<\/span>\u554f\u3044\u5408\u308f\u305b\u304f\u3060\u3055\u3044\u3002<\/span><\/span><\/p>\r\n<p style=\"text-align: center;\"><span class=\"huto\">\u55b6\u696d\u6642\u9593\u5185\u3067\u3042\u308c\u3070\u5373\u65e5\u5bfe<span class=\"huto\"><span class=\"huto\">\u5fdc\uff01<\/span>\u53d7\u4ed8\u306f\u5e74\u4e2d\u7121\u4f11\uff01<\/span><\/span><\/p>\r\n<p style=\"text-align: center;\"><span class=\"huto\">\u304a\u6c17\u8efd\u306b\u304a\u554f\u3044\u5408\u308f\u305b\u304f\u3060\u3055<span class=\"huto\"><span class=\"huto\">\u3044<\/span>\u3002<\/span><\/span><\/p>\r\n\n<div class=\"wpcf7 no-js\" id=\"wpcf7-f1099-o1\" lang=\"ja\" dir=\"ltr\" data-wpcf7-id=\"1099\">\n<div class=\"screen-reader-response\"><p role=\"status\" aria-live=\"polite\" aria-atomic=\"true\"><\/p> <ul><\/ul><\/div>\n<script type=\"text\/javascript\" charset=\"UTF-8\" src=\"https:\/\/zipaddr.github.io\/zipaddrx.js?v=1.42\"><\/script><script defer src=\"data:text\/javascript;base64,ZnVuY3Rpb24gemlwYWRkcl9vd25iKCl7WlAuZGxpPSctJztaUC53cD0nMSc7WlAudXZlcj0nNTAxMzEuOTUxODMuMzI2MjUnO1pQLnN5c2lkPSdDb250YWN0Rm9ybTcnO30=\"><\/script><script type=\"text\/javascript\" charset=\"UTF-8\" src=\"https:\/\/zipaddr.github.io\/contactform7.js\"><\/script><form action=\"\/index.php?rest_route=%2Fwp%2Fv2%2Fpages%2F1097#wpcf7-f1099-o1\" method=\"post\" class=\"wpcf7-form init\" aria-label=\"\u30b3\u30f3\u30bf\u30af\u30c8\u30d5\u30a9\u30fc\u30e0\" novalidate=\"novalidate\" data-status=\"init\">\n<fieldset class=\"hidden-fields-container\"><input type=\"hidden\" name=\"_wpcf7\" value=\"1099\" \/><input type=\"hidden\" name=\"_wpcf7_version\" value=\"6.1.5\" \/><input type=\"hidden\" name=\"_wpcf7_locale\" value=\"ja\" \/><input type=\"hidden\" name=\"_wpcf7_unit_tag\" value=\"wpcf7-f1099-o1\" \/><input type=\"hidden\" name=\"_wpcf7_container_post\" value=\"0\" \/><input type=\"hidden\" name=\"_wpcf7_posted_data_hash\" value=\"\" \/>\n<\/fieldset>\n<table class=\"CF7_table\">\n\t<tr>\n\t\t<th>\n\t\t\t<p><span class=\"CF7_req\">\u5fc5\u9808<\/span> \u304a\u540d\u524d\n\t\t\t<\/p>\n\t\t<\/th>\n\t\t<td>\n\t\t\t<p><span class=\"wpcf7-form-control-wrap\" data-name=\"your-name\"><input size=\"40\" maxlength=\"400\" class=\"wpcf7-form-control wpcf7-text wpcf7-validates-as-required\" aria-required=\"true\" aria-invalid=\"false\" placeholder=\"\u4f8b\uff1a\u3042\u306a\u305f\u306e\u304a\u540d\u524d\uff08\u55b6\u696d\u304a\u65ad\u308a\uff09\" value=\"\" type=\"text\" name=\"your-name\" \/><\/span>\n\t\t\t<\/p>\n\t\t<\/td>\n\t<\/tr>\n\t<tr>\n\t\t<th>\n\t\t\t<p><span class=\"CF7_req\">\u5fc5\u9808<\/span> \u30e1\u30fc\u30eb\u30a2\u30c9\u30ec\u30b9\n\t\t\t<\/p>\n\t\t<\/th>\n\t\t<td>\n\t\t\t<p><span class=\"wpcf7-form-control-wrap\" data-name=\"your-email\"><input size=\"40\" maxlength=\"400\" class=\"wpcf7-form-control wpcf7-email wpcf7-validates-as-required wpcf7-text wpcf7-validates-as-email\" aria-required=\"true\" aria-invalid=\"false\" placeholder=\"\u4f8b\uff1a\u00d7\u00d7\u00d7@\u00d7\u00d7\u00d7.com\" value=\"\" type=\"email\" name=\"your-email\" \/><\/span>\n\t\t\t<\/p>\n\t\t<\/td>\n\t<\/tr>\n\t<tr>\n\t\t<th>\n\t\t\t<p><span class=\"CF7_unreq\">\u4efb\u610f<\/span>\u4f1a\u793e\u540d\n\t\t\t<\/p>\n\t\t<\/th>\n\t\t<td>\n\t\t\t<p><span class=\"wpcf7-form-control-wrap\" data-name=\"your-company\"><input size=\"40\" maxlength=\"400\" class=\"wpcf7-form-control wpcf7-text\" aria-invalid=\"false\" placeholder=\"\u4f8b\uff1a\u25ef\u25ef\u682a\u5f0f\u4f1a\u793e\" value=\"\" type=\"text\" name=\"your-company\" \/><\/span>\n\t\t\t<\/p>\n\t\t<\/td>\n\t<\/tr>\n\t<tr>\n\t\t<th>\n\t\t\t<p><span class=\"CF7_req\">\u5fc5\u9808<\/span>\u90f5\u4fbf\u756a\u53f7\n\t\t\t<\/p>\n\t\t<\/th>\n\t\t<td>\n\t\t\t<p><span class=\"wpcf7-form-control-wrap\" data-name=\"zip\"><input size=\"40\" maxlength=\"400\" class=\"wpcf7-form-control wpcf7-text wpcf7-validates-as-required\" id=\"zip\" aria-required=\"true\" aria-invalid=\"false\" placeholder=\"\u4f8b\uff1a123-4567\" value=\"\" type=\"text\" name=\"zip\" \/><\/span>\n\t\t\t<\/p>\n\t\t<\/td>\n\t<\/tr>\n\t<tr>\n\t\t<th>\n\t\t\t<p><span class=\"CF7_req\">\u5fc5\u9808<\/span>\u90fd\u9053\u5e9c\u770c\n\t\t\t<\/p>\n\t\t<\/th>\n\t\t<td>\n\t\t\t<p><span class=\"wpcf7-form-control-wrap\" data-name=\"pref\"><input size=\"40\" maxlength=\"400\" class=\"wpcf7-form-control wpcf7-text wpcf7-validates-as-required\" id=\"pref\" aria-required=\"true\" aria-invalid=\"false\" placeholder=\"\u4f8b\uff1a\u611b\u77e5\u770c\" value=\"\" type=\"text\" name=\"pref\" \/><\/span>\n\t\t\t<\/p>\n\t\t<\/td>\n\t<\/tr>\n\t<tr>\n\t\t<th>\n\t\t\t<p><span class=\"CF7_req\">\u5fc5\u9808<\/span>\u5e02\u533a\u753a\u6751\u540d\n\t\t\t<\/p>\n\t\t<\/th>\n\t\t<td class=\"address-100\">\n\t\t\t<p><span class=\"wpcf7-form-control-wrap\" data-name=\"addr\"><input size=\"40\" maxlength=\"400\" class=\"wpcf7-form-control wpcf7-text wpcf7-validates-as-required\" id=\"addr\" aria-required=\"true\" aria-invalid=\"false\" placeholder=\"\u4f8b\uff1a\u540d\u53e4\u5c4b\u5e02\u4e2d\u533a\" value=\"\" type=\"text\" name=\"addr\" \/><\/span>\n\t\t\t<\/p>\n\t\t<\/td>\n\t<\/tr>\n\t<tr>\n\t\t<th>\n\t\t\t<p><span class=\"CF7_req\">\u5fc5\u9808<\/span>\u304a\u96fb\u8a71\u756a\u53f7\n\t\t\t<\/p>\n\t\t<\/th>\n\t\t<td>\n\t\t\t<p><span class=\"wpcf7-form-control-wrap\" data-name=\"your-tel\"><input size=\"40\" maxlength=\"400\" class=\"wpcf7-form-control wpcf7-text wpcf7-validates-as-required\" aria-required=\"true\" aria-invalid=\"false\" placeholder=\"\u4f8b\uff1a052-234-5678\" value=\"\" type=\"text\" name=\"your-tel\" \/><\/span>\n\t\t\t<\/p>\n\t\t<\/td>\n\t<\/tr>\n\t<tr>\n\t\t<th>\n\t\t\t<p><span class=\"CF7_req\">\u5fc5\u9808<\/span>\u30e1\u30c3\u30bb\u30fc\u30b8\u672c\u6587\n\t\t\t<\/p>\n\t\t<\/th>\n\t\t<td class=\"message-100\">\n\t\t\t<p><span class=\"wpcf7-form-control-wrap\" data-name=\"your-message\"><textarea cols=\"40\" rows=\"10\" maxlength=\"2000\" class=\"wpcf7-form-control wpcf7-textarea wpcf7-validates-as-required\" aria-required=\"true\" aria-invalid=\"false\" placeholder=\"\u304a\u554f\u3044\u5408\u308f\u305b\u5185\u5bb9\u3092\u3054\u8a18\u5165\u304f\u3060\u3055\u3044\" name=\"your-message\"><\/textarea><\/span>\n\t\t\t<\/p>\n\t\t<\/td>\n\t<\/tr>\n<\/table>\n<p class=\"CF7_btn\"><input class=\"wpcf7-form-control wpcf7-submit has-spinner\" type=\"submit\" value=\"\u9001\u4fe1\u3059\u308b\" \/>\n<\/p><p style=\"display: none !important;\" class=\"akismet-fields-container\" data-prefix=\"_wpcf7_ak_\"><label>&#916;<textarea name=\"_wpcf7_ak_hp_textarea\" cols=\"45\" rows=\"8\" maxlength=\"100\"><\/textarea><\/label><input type=\"hidden\" id=\"ak_js_1\" name=\"_wpcf7_ak_js\" value=\"78\"\/><script>document.getElementById( \"ak_js_1\" ).setAttribute( \"value\", ( new Date() ).getTime() );<\/script><\/p><div class=\"wpcf7-response-output\" aria-hidden=\"true\"><\/div>\n<\/form>\n<\/div>\n\r\n<figure class=\"wp-block-table\">\r\n<table style=\"width: 100%;\">\r\n<tbody>\r\n<tr>\r\n<td style=\"text-align: center; width: 27.2147%;\"><strong>\u4e8b\u52d9\u6240\u540d<\/strong><\/td>\r\n<td style=\"width: 72.7055%;\">ORION\u884c\u653f\u66f8\u58eb\u30aa\u30d5\u30a3\u30b9<\/td>\r\n<\/tr>\r\n<tr>\r\n<td style=\"text-align: center; width: 27.2147%;\"><strong>\u4ee3 \u8868\u00a0\u8005<\/strong><\/td>\r\n<td style=\"width: 72.7055%;\">\u884c\u653f\u66f8\u58eb\u3000\u5bae\u7530\u5553\u53f2<\/td>\r\n<\/tr>\r\n<tr>\r\n<td style=\"text-align: center; width: 27.2147%;\"><strong>\u6240 \u5c5e \u4f1a<\/strong><\/td>\r\n<td style=\"width: 72.7055%;\"><a href=\"https:\/\/www.gyosei.or.jp\/\" target=\"_blank\" rel=\"noreferrer noopener\">\u65e5\u672c\u884c\u653f\u66f8\u58eb\u4f1a\u9023\u5408\u4f1a<\/a> \u611b\u77e5\u770c\u884c\u653f\u66f8\u58eb\u4f1a<a href=\"https:\/\/www.gyosei-138.jp\/\" target=\"_blank\" rel=\"noopener\">\u4e00\u5bae\u652f\u90e8<\/a><\/td>\r\n<\/tr>\r\n<tr>\r\n<td style=\"text-align: center; width: 27.2147%;\"><strong>\u6240 \u5728 \u5730<\/strong><\/td>\r\n<td style=\"width: 72.7055%;\">\u611b\u77e5\u770c\u4e00\u5bae\u5e02\u591a\u52a0\u67285\u4e01\u76ee24\u756a\u573022 101\u53f7<\/td>\r\n<\/tr>\r\n<tr>\r\n<td style=\"text-align: center; width: 27.2147%;\"><strong>TEL\/FAX<\/strong><\/td>\r\n<td style=\"width: 72.7055%;\"><a href=\"tel:0586502838\">0586-50-2838<\/a>\u3000\u203b\u55b6\u696d\u304a\u65ad\u308a<\/td>\r\n<\/tr>\r\n<tr>\r\n<td style=\"text-align: center; width: 27.2147%;\"><strong>MAIL<\/strong><\/td>\r\n<td style=\"width: 72.7055%;\">office\uff20orion-site.com<\/td>\r\n<\/tr>\r\n<tr>\r\n<td style=\"text-align: center; width: 27.2147%;\"><strong>U R L<\/strong><\/td>\r\n<td style=\"width: 72.7055%;\">https:\/\/www.orion-site.com<\/td>\r\n<\/tr>\r\n<tr>\r\n<td style=\"text-align: center; width: 27.2147%;\"><strong>\u55b6\u696d\u6642\u9593<\/strong><\/td>\r\n<td style=\"width: 72.7055%;\">9\uff1a00\uff5e18\uff1a00<\/td>\r\n<\/tr>\r\n<tr>\r\n<td style=\"text-align: center; width: 27.2147%;\"><strong>\u5b9a \u4f11 \u65e5<\/strong><\/td>\r\n<td style=\"width: 72.7055%;\">\u571f\u30fb\u65e5\u30fb\u795d\uff08\u55b6\u696d\u6642\u9593\u5916\u306f\u4e8b\u524d\u9023\u7d61\u3067\u5bfe\u5fdc\u53ef\uff09<\/td>\r\n<\/tr>\r\n<\/tbody>\r\n<\/table>\r\n<\/figure>\r\n<!-- \/wp:post-content -->\r\n\r\n<!-- wp:media-text {\"mediaId\":1466,\"mediaLink\":\"https:\/\/www.orion-site.com\/?attachment_id=1466\",\"mediaType\":\"image\"} -->\r\n<div class=\"wp-block-media-text is-stacked-on-mobile\">\u00a0<\/div>","protected":false},"excerpt":{"rendered":"<p>&nbsp; LINE\u3082\u3057\u304f\u306f\u3001\u4e0b\u8a18\u306e\u30d5\u30a9\u30fc\u30e0\u304b\u3089\u304a\u554f\u3044\u5408\u308f\u305b\u304f\u3060\u3055\u3044\u3002 \u55b6\u696d\u6642\u9593\u5185\u3067\u3042\u308c\u3070\u5373\u65e5\u5bfe\u5fdc\uff01\u53d7\u4ed8\u306f\u5e74\u4e2d\u7121\u4f11\uff01 \u304a\u6c17\u8efd\u306b\u304a\u554f\u3044\u5408\u308f\u305b\u304f\u3060\u3055\u3044\u3002 \u5fc5\u9808 \u304a\u540d\u524d \u5fc5\u9808 \u30e1\u30fc\u30eb\u30a2\u30c9\u30ec\u30b9 \u4efb\u610f\u4f1a\u793e\u540d  &#8230; <\/p>\n","protected":false},"author":1,"featured_media":1573,"parent":0,"menu_order":0,"comment_status":"closed","ping_status":"closed","template":"","meta":{"om_disable_all_campaigns":false,"_monsterinsights_skip_tracking":false,"_monsterinsights_sitenote_active":false,"_monsterinsights_sitenote_note":"","_monsterinsights_sitenote_category":0,"footnotes":""},"class_list":["post-1097","page","type-page","status-publish","has-post-thumbnail","hentry"],"aioseo_notices":[],"_links":{"self":[{"href":"https:\/\/www.orion-site.com\/index.php?rest_route=\/wp\/v2\/pages\/1097","targetHints":{"allow":["GET"]}}],"collection":[{"href":"https:\/\/www.orion-site.com\/index.php?rest_route=\/wp\/v2\/pages"}],"about":[{"href":"https:\/\/www.orion-site.com\/index.php?rest_route=\/wp\/v2\/types\/page"}],"author":[{"embeddable":true,"href":"https:\/\/www.orion-site.com\/index.php?rest_route=\/wp\/v2\/users\/1"}],"replies":[{"embeddable":true,"href":"https:\/\/www.orion-site.com\/index.php?rest_route=%2Fwp%2Fv2%2Fcomments&post=1097"}],"version-history":[{"count":14,"href":"https:\/\/www.orion-site.com\/index.php?rest_route=\/wp\/v2\/pages\/1097\/revisions"}],"predecessor-version":[{"id":3261,"href":"https:\/\/www.orion-site.com\/index.php?rest_route=\/wp\/v2\/pages\/1097\/revisions\/3261"}],"wp:featuredmedia":[{"embeddable":true,"href":"https:\/\/www.orion-site.com\/index.php?rest_route=\/wp\/v2\/media\/1573"}],"wp:attachment":[{"href":"https:\/\/www.orion-site.com\/index.php?rest_route=%2Fwp%2Fv2%2Fmedia&parent=1097"}],"curies":[{"name":"wp","href":"https:\/\/api.w.org\/{rel}","templated":true}]}}